e remainder when 346 is divided by 327?
19
Calculate the remainder when 208 is divided by 53.
49
What is the remainder when 185 is divided by 11?
9
Calculate the remainder when 20 is divided by 6.
2
What is the remainder when 908 is divided by 208?
76
What is the remainder when 1882 is divided by 302?
70
What is the remainder when 8652 is divided by 16?
12
Calculate the remainder when 680 is divided by 166.
16
What is the remainder when 622 is divided by 3?
1
What is the remainder when 217 is divided by 186?
31
Calculate the remainder when 712 is divided by 23.
22
What is the remainder when 1 is divided by 1?
0
Calculate the remainder when 1576 is divided by 41.
18
Calculate the remainder when 207 is divided by 199.
8
What is the remainder when 19998 is divided by 200?
198
What is the remainder when 41988 is divided by 130?
128
What is the remainder when 16 is divided by 5?
1
What is the remainder when 177 is divided by 66?
45
Calculate the remainder when 397 is divided by 167.
63
Calculate the remainder when 381 is divided by 12.
9
What is the remainder when 320 is divided by 4?
0
What is the remainder when 397 is divided by 66?
1
Calculate the remainder when 1208 is divided by 354.
146
Calculate the remainder when 204 is divided by 76.
52
Calculate the remainder when 126 is divided by 51.
24
What is the remainder when 422 is divided by 11?
4
What is the remainder when 895 is divided by 69?
67
Calculate the remainder when 6231 is divided by 208.
199
Calculate the remainder when 8887 is divided by 76.
71
What is the remainder when 946 is divided by 911?
35
Calculate the remainder when 169 is divided by 17.
16
Calculate the remainder when 17 is divided by 3.
2
Calculate the remainder when 10078 is divided by 35.
33
What is the remainder when 3402 is divided by 65?
22
What is the remainder when 271 is divided by 40?
31
Calculate the remainder when 11829 is divided by 24.
21
What is the remainder when 5968 is divided by 127?
126
Calculate the remainder when 6529 is divided by 344.
337
Calculate the remainder when 449 is divided by 45.
44
Calculate the remainder when 491 is divided by 11.
7
Calculate the remainder when 159 is divided by 69.
21
Calculate the remainder when 1397 is divided by 127.
0
What is the remainder when 276 is divided by 96?
84
What is the remainder when 89 is divided by 13?
11
Calculate the remainder when 774 is divided by 259.
256
Calculate the remainder when 189 is divided by 23.
5
What is the remainder when 206 is divided by 94?
18
Calculate the remainder when 186 is divided by 14.
4
What is the remainder when 273 is divided by 25?
23
What is the remainder when 1345 is divided by 73?
31
What is the remainder when 64 is divided by 23?
18
Calculate the remainder when 316 is divided by 121.
74
Calculate the remainder when 6719 is divided by 210.
209
What is the remainder when 5374 is divided by 122?
6
What is the remainder when 314 is divided by 183?
131
What is the remainder when 774 is divided by 225?
99
What is the remainder when 625 is divided by 619?
6
What is the remainder when 645 is divided by 18?
15
What is the remainder when 47 is divided by 9?
2
Calculate the remainder when 797 is divided by 133.
132
What is the remainder when 8378 is divided by 10?
8
Calculate the remainder when 7147 is divided by 65.
62
Calculate the remainder when 48 is divided by 27.
21
What is the remainder when 44 is divided by 29?
15
Calculate the remainder when 357 is divided by 8.
5
Calculate the remainder when 900 is divided by 63.
18
What is the remainder when 1083 is divided by 216?
3
What is the remainder when 293 is divided by 62?
45
What is the remainder when 1422 is divided by 280?
22
What is the remainder when 124 is divided by 34?
22
What is the remainder when 34367 is divided by 32?
31
What is the remainder when 2324 is divided by 44?
36
What is the remainder when 629 is divided by 9?
8
What is the remainder when 1653 is divided by 154?
113
Calculate the remainder when 1714 is divided by 7.
6
Calculate the remainder when 793 is divided by 53.
51
What is the remainder when 141 is divided by 36?
33
What is the remainder when 238 is divided by 17?
0
What is the remainder when 140 is divided by 4?
0
Calculate the remainder when 708 is divided by 10.
8
What is the remainder when 49 is divided by 18?
13
Calculate the remainder when 279 is divided by 7.
6
Calculate the remainder when 140 is divided by 23.
2
What is the remainder when 236 is divided by 85?
66
What is the remainder when 151 is divided by 55?
41
What is the remainder when 267 is divided by 13?
7
Calculate the remainder when 230 is divided by 77.
76
What is the remainder when 79 is divided by 15?
4
What is the remainder when 238 is divided by 33?
7
Calculate the remainder when 232 is divided by 16.
8
What is the remainder when 831 is divided by 86?
57
What is the remainder when 572 is divided by 67?
36
What is the remainder when 420 is divided by 144?
132
What is the remainder when 16077 is divided by 15?
12
What is the remainder when 675 is divided by 62?
55
Calculate the remainder when 1619 is divided by 27.
26
Calculate the remainder when 312 is divided by 63.
60
What is the remainder when 112 is divided by 34?
10
What is the remainder when 86 is divided by 19?
10
What is the remainder when 2227 is divided by 29?
23
What is the remainder when 364 is divided by 95?
79
What is the remainder when 1713 is divided by 39?
36
Calculate the remainder when 122 is divided by 65.
57
What is the remainder when 86 is divided by 45?
41
Calculate the remainder when 77 is divided by 32.
13
Calculate the remainder when 2394 is divided by 24.
18
Calculate the remainder when 327 is divided by 112.
103
Calculate the remainder when 1080 is divided by 264.
24
What is the remainder when 748 is divided by 16?
12
What is the remainder when 522 is divided by 21?
18
Calculate the remainder when 4119 is divided by 19.
15
Calculate the remainder when 352 is divided by 133.
86
Calculate the remainder when 4679 is divided by 70.
59
What is the remainder when 10106 is divided by 23?
9
Calculate the remainder when 239 is divided by 30.
29
Calculate the remainder when 275 is divided by 256.
19
What is the remainder when 281 is divided by 45?
11
What is the remainder when 3079 is divided by 1024?
7
Calculate the remainder when 16 is divided by 8.
0
What is the remainder when 24 is divided by 3?
0
What is the remainder when 215 is divided by 3?
2
What is the remainder when 264 is divided by 134?
130
Calculate the remainder when 2927 is divided by 24.
23
What is the remainder when 438 is divided by 64?
54
What is the remainder when 34526 is divided by 332?
330
What is the remainder when 5217 is divided by 180?
177
Calculate the remainder when 81 is divided by 16.
1
Calculate the remainder when 1326 is divided by 58.
50
What is the remainder when 65 is divided by 12?
5
Calculate the remainder when 10464 is divided by 115.
114
Calculate the remainder when 99 is divided by 51.
48
What is the remainder when 86 is divided by 55?
31
Calculate the remainder when 242 is divided by 99.
44
Calculate the remainder when 2112 is divided by 92.
88
Calculate the remainder when 493 is divided by 465.
28
What is the remainder when 7191 is divided by 50?
41
Calculate the remainder when 120 is divided by 73.
47
Calculate the remainder when 417 is divided by 188.
41
Calculate the remainder when 3003 is divided by 136.
11
What is the remainder when 168 is divided by 5?
3
Calculate the remainder when 1047 is divided by 6.
3
Calculate the remainder when 29336 is divided by 231.
230
What is the remainder when 17288 is divided by 26?
24
What is the remainder when 194 is divided by 18?
14
Calculate the remainder when 337 is divided by 180.
157
Calculate the remainder when 738 is divided by 111.
72
What is the remainder when 87 is divided by 26?
9
What is the remainder when 362 is divided by 11?
10
What is the remainder when 741 is divided by 26?
13
Calculate the remainder when 1416 is divided by 21.
9
What is the remainder when 3105 is divided by 53?
31
Calculate the remainder when 2170 is divided by 353.
52
Calculate the remainder when 798 is divided by 166.
134
What is the remainder when 490 is divided by 313?
177
Calculate t